{"id":6109,"date":"2026-03-28T20:32:37","date_gmt":"2026-03-28T20:32:37","guid":{"rendered":"https:\/\/alarmzone.pl\/?post_type=product&#038;p=6109"},"modified":"2026-03-30T09:23:51","modified_gmt":"2026-03-30T09:23:51","slug":"zewnetrzny-solarny-czujnik-ruchu-pir-mw-433mhz-odporny-na-zwierzeta-az236p","status":"publish","type":"product","link":"https:\/\/alarmzone.pl\/index.php\/produkt\/zewnetrzny-solarny-czujnik-ruchu-pir-mw-433mhz-odporny-na-zwierzeta-az236p\/","title":{"rendered":"Zewn\u0119trzny Solarny Czujnik Ruchu PIR MW 433MHz Odporny Na Zwierz\u0119ta AZ236P"},"content":{"rendered":"<div class=\"mpof_ki myre_zn myre_8v_l _0d3bd_YrWCD\">\n<div class=\"mp4t_16_s mryx_16_s mr3m_1 mli2_1 mh85_56 mh85_0_l\">\n<div class=\"mgn2_16 _0d3bd_5pK0q\">\n<div class=\"mpof_ki myre_zn myre_8v_l _0d3bd_YrWCD\">\n<div class=\"mp4t_16_s mryx_16_s mr3m_1 mli2_1 mh85_56 mh85_0_l\">\n<div class=\"mgn2_16 _0d3bd_5pK0q\">\n<h3 style=\"text-align: center;\"><span style=\"color: #ff0000;\"><strong>SUPER JAKO\u015a\u0106 I ZAAWANSOWANA TECHNOLOGIA PIR I MW<\/strong><\/span><\/h3>\n<p>&nbsp;<\/p>\n<p>&nbsp;<\/p>\n<\/div>\n<\/div>\n<\/div>\n<\/div>\n<\/div>\n<\/div>\n<div class=\"mpof_ki myre_zn myre_8v_l _0d3bd_YrWCD\">\n<div class=\"mp4t_16_s mryx_16_s mr3m_1 mli2_1 mh85_56 mh85_0_l\">\n<div class=\"mgn2_16 _0d3bd_5pK0q\">\n<p><a href=\"https:\/\/alarmzone.pl\/wp-content\/uploads\/2026\/03\/az236z1.jpg\"><img fetchpriority=\"high\" decoding=\"async\" class=\"wp-image-6117 size-large aligncenter\" src=\"https:\/\/alarmzone.pl\/wp-content\/uploads\/2026\/03\/az236z1-1020x1024.jpg\" alt=\"\" width=\"1020\" height=\"1024\" srcset=\"https:\/\/alarmzone.pl\/wp-content\/uploads\/2026\/03\/az236z1-1020x1024.jpg 1020w, https:\/\/alarmzone.pl\/wp-content\/uploads\/2026\/03\/az236z1-300x300.jpg 300w, https:\/\/alarmzone.pl\/wp-content\/uploads\/2026\/03\/az236z1-150x150.jpg 150w, https:\/\/alarmzone.pl\/wp-content\/uploads\/2026\/03\/az236z1-768x771.jpg 768w, https:\/\/alarmzone.pl\/wp-content\/uploads\/2026\/03\/az236z1-600x603.jpg 600w, https:\/\/alarmzone.pl\/wp-content\/uploads\/2026\/03\/az236z1-100x100.jpg 100w, https:\/\/alarmzone.pl\/wp-content\/uploads\/2026\/03\/az236z1.jpg 1418w\" sizes=\"(max-width: 1020px) 100vw, 1020px\" \/><\/a><\/p>\n<\/div>\n<\/div>\n<\/div>\n<p style=\"text-align: center;\"><span style=\"color: #0000ff;\">NOWOCZESNY BEZPRZEWODOWY CZUJNIK RUCHU\u00a0<\/span><\/p>\n<p style=\"text-align: center;\"><span style=\"color: #0000ff;\">ODPORNY NA ZWIERZ\u0118TA DO 15 KG<\/span><\/p>\n<p><a href=\"https:\/\/alarmzone.pl\/wp-content\/uploads\/2026\/03\/az236g.jpg\"><img decoding=\"async\" class=\"wp-image-6116 size-large aligncenter\" src=\"https:\/\/alarmzone.pl\/wp-content\/uploads\/2026\/03\/az236g-1024x1014.jpg\" alt=\"\" width=\"1024\" height=\"1014\" srcset=\"https:\/\/alarmzone.pl\/wp-content\/uploads\/2026\/03\/az236g-1024x1014.jpg 1024w, https:\/\/alarmzone.pl\/wp-content\/uploads\/2026\/03\/az236g-300x297.jpg 300w, https:\/\/alarmzone.pl\/wp-content\/uploads\/2026\/03\/az236g-150x150.jpg 150w, https:\/\/alarmzone.pl\/wp-content\/uploads\/2026\/03\/az236g-768x761.jpg 768w, https:\/\/alarmzone.pl\/wp-content\/uploads\/2026\/03\/az236g-600x594.jpg 600w, https:\/\/alarmzone.pl\/wp-content\/uploads\/2026\/03\/az236g-100x100.jpg 100w, https:\/\/alarmzone.pl\/wp-content\/uploads\/2026\/03\/az236g.jpg 1034w\" sizes=\"(max-width: 1024px) 100vw, 1024px\" \/><\/a><\/p>\n<p><strong><em>\u00a0<\/em>Parametry techniczne:<\/strong><\/p>\n<p>Zasilanie: 4,2V &#8211; <span id=\"tl_19\">bateria litowa 650 mAh<\/span><\/p>\n<p>Zu\u017cycie pr\u0105du w trybie czuwania: <span id=\"tl_20\">26uA<\/span><\/p>\n<p>Zu\u017cycie pr\u0105du w trybie alarmu: poni\u017cej <span id=\"tl_20\">18mA<\/span><\/p>\n<p>Zakres temperatur pracy: <span id=\"tl_33\"> -25 \u2103\/+ 55 \u2103<\/span><\/p>\n<p>Spos\u00f3b montowania: na\u015bcienne<\/p>\n<p>Wysoko\u015b\u0107 monta\u017cu: <span id=\"tl_21\">1.8m-2.4m<\/span><\/p>\n<p>Odleg\u0142o\u015b\u0107 wykrywania ruchu: do 12m<\/p>\n<p>K\u0105t wykrywania:<span id=\"tl_22\">12m \u00d7 12m; 108 \u00b0 (obiektyw szerokok\u0105tny)<\/span><\/p>\n<p>Dystans dzia\u0142ania &#8211; do 200m ( przestrze\u0144 otwarta)<\/p>\n<p>Odporno\u015b\u0107 na zwierz\u0119ta &#8211; do 25 kg<\/p>\n<div>\n<p>Cz\u0119stotliwo\u015b\u0107 nadawcza:\u00a0 433Mhz \/ <span id=\"tl_28\">EV1527<\/span><\/p>\n<p><span id=\"tl_23\">Kompensacja temperatury: cyfrowa<\/span><\/p>\n<p><span id=\"tl_26\">Anty bia\u0142e \u015bwiat\u0142o: &gt;10000 luks\u00f3w<\/span><\/p>\n<p><span id=\"tl_27\">Anty RFI : 50000V<\/span><\/p>\n<p><span id=\"tl_34\">Wilgotno\u015b\u0107 operacji: 95% RH<\/span><\/p>\n<p><span id=\"tl_35\">Pr\u0119dko\u015b\u0107 wykrywania: 0.2-3.5 m\/s<\/span><\/p>\n<p><span id=\"tl_37\">Odporno\u015b\u0107 zwierz\u0105t domowych: 15kg<\/span><\/p>\n<p><span id=\"tl_38\">Rozmiar: 170mm \u00d7 145mm \u00d7 110mm<\/span><\/p>\n<p>&nbsp;<\/p>\n<p><strong>Jedno opakowanie zawiera:<\/strong><\/p>\n<\/div>\n<div>\n<p>&#8211; Czujnik ruchu z panelem s\u0142onecznym<\/p>\n<p>&#8211; Zestaw do monta\u017cu na \u015bcianie X 1<\/p>\n<p>&#8211; Instrukcja w j\u0119zyku polskim.<\/p>\n<p><strong>\u00a0<\/strong><\/p>\n<\/div>\n<p><a href=\"https:\/\/alarmzone.pl\/wp-content\/uploads\/2026\/03\/opis.jpg\"><img decoding=\"async\" class=\"wp-image-6126 size-full aligncenter\" src=\"https:\/\/alarmzone.pl\/wp-content\/uploads\/2026\/03\/opis.jpg\" alt=\"\" width=\"498\" height=\"339\" srcset=\"https:\/\/alarmzone.pl\/wp-content\/uploads\/2026\/03\/opis.jpg 498w, https:\/\/alarmzone.pl\/wp-content\/uploads\/2026\/03\/opis-300x204.jpg 300w\" sizes=\"(max-width: 498px) 100vw, 498px\" \/><\/a> <a href=\"https:\/\/alarmzone.pl\/wp-content\/uploads\/2026\/03\/Skan_20260327-21.jpg\"><img loading=\"lazy\" decoding=\"async\" class=\"wp-image-6127 size-full aligncenter\" src=\"https:\/\/alarmzone.pl\/wp-content\/uploads\/2026\/03\/Skan_20260327-21.jpg\" alt=\"\" width=\"484\" height=\"387\" srcset=\"https:\/\/alarmzone.pl\/wp-content\/uploads\/2026\/03\/Skan_20260327-21.jpg 484w, https:\/\/alarmzone.pl\/wp-content\/uploads\/2026\/03\/Skan_20260327-21-300x240.jpg 300w\" sizes=\"(max-width: 484px) 100vw, 484px\" \/><\/a> <a href=\"https:\/\/alarmzone.pl\/wp-content\/uploads\/2026\/03\/az236e.jpg\"><img loading=\"lazy\" decoding=\"async\" class=\"wp-image-6114 size-large aligncenter\" src=\"https:\/\/alarmzone.pl\/wp-content\/uploads\/2026\/03\/az236e-1017x1024.jpg\" alt=\"\" width=\"1017\" height=\"1024\" srcset=\"https:\/\/alarmzone.pl\/wp-content\/uploads\/2026\/03\/az236e-1017x1024.jpg 1017w, https:\/\/alarmzone.pl\/wp-content\/uploads\/2026\/03\/az236e-298x300.jpg 298w, https:\/\/alarmzone.pl\/wp-content\/uploads\/2026\/03\/az236e-150x150.jpg 150w, https:\/\/alarmzone.pl\/wp-content\/uploads\/2026\/03\/az236e-768x773.jpg 768w, https:\/\/alarmzone.pl\/wp-content\/uploads\/2026\/03\/az236e-600x604.jpg 600w, https:\/\/alarmzone.pl\/wp-content\/uploads\/2026\/03\/az236e-100x100.jpg 100w, https:\/\/alarmzone.pl\/wp-content\/uploads\/2026\/03\/az236e.jpg 1446w\" sizes=\"(max-width: 1017px) 100vw, 1017px\" \/><\/a><\/p>\n<h5 class=\"\">Przepisy GPSR\/CE:<\/h5>\n<ul>\n<li><a href=\"https:\/\/alarmzone.pl\/wp-content\/uploads\/2025\/07\/GPSR-ALARMZONE.DOCX.pdf\">GPSR ALARMZONE.DOCX<\/a><\/li>\n<\/ul>\n","protected":false},"excerpt":{"rendered":"<ul>\n<li>\n<h6><span class=\"first\">Wysy\u0142ka w <\/span><span class=\"second\">24 godziny<\/span><\/h6>\n<\/li>\n<\/ul>\n","protected":false},"featured_media":6112,"comment_status":"open","ping_status":"closed","template":"","meta":[],"product_brand":[136],"product_cat":[221,45],"product_tag":[100,220,102,218,217,101,219],"class_list":{"0":"post-6109","1":"product","2":"type-product","3":"status-publish","4":"has-post-thumbnail","6":"product_brand-alarmzone","7":"product_cat-czujniki-ruchu","8":"product_cat-nowosci","9":"product_tag-czujnik","10":"product_tag-czujnik-433-mhz","11":"product_tag-czujnik-ruchu","12":"product_tag-czujnik-solarny","13":"product_tag-czujnik-zewnetrzny","14":"product_tag-detektor-ruchu","15":"product_tag-solar-czujnik","17":"first","18":"instock","19":"taxable","20":"shipping-taxable","21":"purchasable","22":"product-type-simple"},"_links":{"self":[{"href":"https:\/\/alarmzone.pl\/index.php\/wp-json\/wp\/v2\/product\/6109","targetHints":{"allow":["GET"]}}],"collection":[{"href":"https:\/\/alarmzone.pl\/index.php\/wp-json\/wp\/v2\/product"}],"about":[{"href":"https:\/\/alarmzone.pl\/index.php\/wp-json\/wp\/v2\/types\/product"}],"replies":[{"embeddable":true,"href":"https:\/\/alarmzone.pl\/index.php\/wp-json\/wp\/v2\/comments?post=6109"}],"wp:featuredmedia":[{"embeddable":true,"href":"https:\/\/alarmzone.pl\/index.php\/wp-json\/wp\/v2\/media\/6112"}],"wp:attachment":[{"href":"https:\/\/alarmzone.pl\/index.php\/wp-json\/wp\/v2\/media?parent=6109"}],"wp:term":[{"taxonomy":"product_brand","embeddable":true,"href":"https:\/\/alarmzone.pl\/index.php\/wp-json\/wp\/v2\/product_brand?post=6109"},{"taxonomy":"product_cat","embeddable":true,"href":"https:\/\/alarmzone.pl\/index.php\/wp-json\/wp\/v2\/product_cat?post=6109"},{"taxonomy":"product_tag","embeddable":true,"href":"https:\/\/alarmzone.pl\/index.php\/wp-json\/wp\/v2\/product_tag?post=6109"}],"curies":[{"name":"wp","href":"https:\/\/api.w.org\/{rel}","templated":true}]}}