{"id":1957,"date":"2024-04-04T07:56:46","date_gmt":"2024-04-04T07:56:46","guid":{"rendered":"https:\/\/alarmzone.pl\/?post_type=product&#038;p=1957"},"modified":"2026-03-29T17:09:12","modified_gmt":"2026-03-29T17:09:12","slug":"czujnik-gazu-detektor-433mhz-wykrywa-ulatniajacy-sie-gaz-ziemny-i-propan-butan","status":"publish","type":"product","link":"https:\/\/alarmzone.pl\/index.php\/produkt\/czujnik-gazu-detektor-433mhz-wykrywa-ulatniajacy-sie-gaz-ziemny-i-propan-butan\/","title":{"rendered":"Czujnik gazu, detektor 433MHZ- wykrywa ulatniaj\u0105cy si\u0119 gaz ziemny i propan-butan"},"content":{"rendered":"<p style=\"text-align: center;\"><strong><span style=\"color: #0000ff;\">Nowoczesne i sprawdzone urz\u0105dzenie s\u0142u\u017c\u0105ce do alarmowania domownik\u00f3w o wykryciu gazu LNG oraz LDG.<\/span><\/strong><\/p>\n<p style=\"text-align: center;\"><span style=\"color: #ff0000;\">ZADBAJ O BEZPIECZE\u0143STWO SWOJE I SWOICH BLISKICH !<\/span><\/p>\n<p style=\"text-align: center;\"><span style=\"color: #0000ff;\">CZUJNIK433 MHz &#8211; WSP\u00d3\u0141PRACUJE Z SYSTEMAMI ALARMOWYMI I KAMERAMI 433 MHz<\/span><\/p>\n<p style=\"text-align: center;\"><strong>TUYA SMART SR1, SR2, SR3,SR4, AZ10WG-4G, AZ11WG-4G\u00a0<\/strong><\/p>\n<p>&nbsp;<\/p>\n<p style=\"text-align: center;\">Nowoczesne i sprawdzone urz\u0105dzenie s\u0142u\u017c\u0105ce do alarmowania domownik\u00f3w o wykryciu gazu.<br \/>\nDetekcja polega na cyklicznym pomiarze gazu w powietrzu. Wykrycie ulatniaj\u0105cego si\u0119 gazu sygnalizowane jest optycznie (Dioda LED) oraz akustycznie (syrena o sile g\u0142o\u015bno\u015bci 80dB). Dzi\u0119ki zastosowaniu p\u00f3\u0142przewodnikowego sensora gazu, mamy pewno\u015b\u0107 du\u017cej stabilno\u015bci pracy oraz d\u0142ugiej \u017cywotno\u015bci czujnika.<\/p>\n<p>&nbsp;<\/p>\n<p><strong>Cechy produktu:<\/strong><\/p>\n<ul>\n<li>P\u00f3\u0142przewodnikowy czujnik gazu o wysokiej czu\u0142o\u015bci\u00a0i d\u0142ugiej \u017cywotno\u015bci,<\/li>\n<li>Nadaje si\u0119 do gazu ziemnego, gazu p\u0142ynnego, gazu miejskiego, gazu LP, metanu itp.<\/li>\n<li>G\u0142o\u015bna sygnalizacja akustyczna (80dB\/m),<\/li>\n<li>Funkcja TEST\/RESET s\u0142u\u017c\u0105ca do kontroli i obs\u0142ugi detektora,<\/li>\n<li>Zasilanie sieciowe 230V- zasilacz 5V<\/li>\n<li>Prosty spos\u00f3b monta\u017cu i obs\u0142ugi,<\/li>\n<li>Cz\u0119stotliwo\u015b\u0107 433MHz &#8211; mo\u017ce pracowa\u0107 samodzielnie jako wykrywacz gazu, jak r\u00f3wnie\u017c wsp\u00f3\u0142pracowa\u0107 z urz\u0105dzeniami alarmowymi 433 MHz dost\u0119pnymi w naszym sklepie,<\/li>\n<li>Wsparcie elektrozaworu\/manipulatora zaworu do awaryjnego odci\u0119cia gazu,<\/li>\n<li>Temperatura pracy: od 0 do +50 C<\/li>\n<li>Zasi\u0119g pracy sygna\u0142u 433MHz &#8211; 100m( przestrze\u0144 otwarta)<\/li>\n<\/ul>\n<p><a href=\"https:\/\/alarmzone.pl\/wp-content\/uploads\/2024\/04\/czujnik_gazu.webp\"><img fetchpriority=\"high\" decoding=\"async\" class=\"aligncenter wp-image-1958 size-full\" src=\"https:\/\/alarmzone.pl\/wp-content\/uploads\/2024\/04\/czujnik_gazu.webp\" alt=\"\" width=\"736\" height=\"651\" srcset=\"https:\/\/alarmzone.pl\/wp-content\/uploads\/2024\/04\/czujnik_gazu.webp 736w, https:\/\/alarmzone.pl\/wp-content\/uploads\/2024\/04\/czujnik_gazu-300x265.webp 300w, https:\/\/alarmzone.pl\/wp-content\/uploads\/2024\/04\/czujnik_gazu-600x531.webp 600w\" sizes=\"(max-width: 736px) 100vw, 736px\" \/><\/a><\/p>\n<p>&nbsp;<\/p>\n<p><strong>ZASTOSOWANIE:<\/strong><\/p>\n<ul>\n<li>Pomieszczenia w kt\u00f3rych znajduj\u0105 si\u0119 urz\u0105dzenia gazowe.<\/li>\n<li>Kot\u0142ownie z piecami opalanymi paliwem sta\u0142ym, gazem ziemnym, propanem-butanem, metanem, przyczepy kempingowe, stacje paliw, domy, mieszkania, hale magazynowe, sklepy, hotele, itp.<\/li>\n<li>Kuchnie i \u0142azienki wyposa\u017cone w gazowe kuchenki i piecyki do podgrzewania wody.<\/li>\n<li>Szkolne pracownie fizyko &#8211; chemiczne, szpitale, sto\u0142\u00f3wki.<\/li>\n<li>Pomieszczenia z kot\u0142ami gazowymi.<\/li>\n<\/ul>\n<p>&nbsp;<\/p>\n<p><a href=\"https:\/\/alarmzone.pl\/wp-content\/uploads\/2024\/04\/czujnik_gazu_1.webp\"><img decoding=\"async\" class=\"aligncenter wp-image-1959 size-full\" src=\"https:\/\/alarmzone.pl\/wp-content\/uploads\/2024\/04\/czujnik_gazu_1.webp\" alt=\"\" width=\"736\" height=\"651\" srcset=\"https:\/\/alarmzone.pl\/wp-content\/uploads\/2024\/04\/czujnik_gazu_1.webp 736w, https:\/\/alarmzone.pl\/wp-content\/uploads\/2024\/04\/czujnik_gazu_1-300x265.webp 300w, https:\/\/alarmzone.pl\/wp-content\/uploads\/2024\/04\/czujnik_gazu_1-600x531.webp 600w\" sizes=\"(max-width: 736px) 100vw, 736px\" \/><\/a><\/p>\n<p>&nbsp;<\/p>\n<p><strong>SK\u0141AD ZESTAWU:<\/strong><\/p>\n<ul>\n<li>Autonomiczny czujnik gazu<\/li>\n<li>Przew\u00f3d po\u0142\u0105czenia do zaworu,<\/li>\n<li>Ko\u0142ki monta\u017cowe,<\/li>\n<li>Zasilacz DC5V 1A (micro USB),<\/li>\n<li>Kabel micro USB do zasilacza.<\/li>\n<\/ul>\n<p>&nbsp;<\/p>\n<p><a href=\"https:\/\/alarmzone.pl\/wp-content\/uploads\/2024\/04\/czujnik_gazu_2.webp\"><img decoding=\"async\" class=\"aligncenter wp-image-1960 size-full\" src=\"https:\/\/alarmzone.pl\/wp-content\/uploads\/2024\/04\/czujnik_gazu_2.webp\" alt=\"\" width=\"741\" height=\"758\" srcset=\"https:\/\/alarmzone.pl\/wp-content\/uploads\/2024\/04\/czujnik_gazu_2.webp 741w, https:\/\/alarmzone.pl\/wp-content\/uploads\/2024\/04\/czujnik_gazu_2-293x300.webp 293w, https:\/\/alarmzone.pl\/wp-content\/uploads\/2024\/04\/czujnik_gazu_2-600x614.webp 600w\" sizes=\"(max-width: 741px) 100vw, 741px\" \/><\/a> <a href=\"https:\/\/alarmzone.pl\/wp-content\/uploads\/2024\/04\/czujnik_gazu_3.webp\"><img loading=\"lazy\" decoding=\"async\" class=\"aligncenter wp-image-1961 size-full\" src=\"https:\/\/alarmzone.pl\/wp-content\/uploads\/2024\/04\/czujnik_gazu_3.webp\" alt=\"\" width=\"710\" height=\"557\" srcset=\"https:\/\/alarmzone.pl\/wp-content\/uploads\/2024\/04\/czujnik_gazu_3.webp 710w, https:\/\/alarmzone.pl\/wp-content\/uploads\/2024\/04\/czujnik_gazu_3-300x235.webp 300w, https:\/\/alarmzone.pl\/wp-content\/uploads\/2024\/04\/czujnik_gazu_3-600x471.webp 600w\" sizes=\"(max-width: 710px) 100vw, 710px\" \/><\/a> <a href=\"https:\/\/alarmzone.pl\/wp-content\/uploads\/2024\/04\/czujnik_gazu_4.webp\"><img loading=\"lazy\" decoding=\"async\" class=\"aligncenter wp-image-1962 size-full\" src=\"https:\/\/alarmzone.pl\/wp-content\/uploads\/2024\/04\/czujnik_gazu_4.webp\" alt=\"\" width=\"745\" height=\"618\" srcset=\"https:\/\/alarmzone.pl\/wp-content\/uploads\/2024\/04\/czujnik_gazu_4.webp 745w, https:\/\/alarmzone.pl\/wp-content\/uploads\/2024\/04\/czujnik_gazu_4-300x249.webp 300w, https:\/\/alarmzone.pl\/wp-content\/uploads\/2024\/04\/czujnik_gazu_4-600x498.webp 600w\" sizes=\"(max-width: 745px) 100vw, 745px\" \/><\/a> <a href=\"https:\/\/alarmzone.pl\/wp-content\/uploads\/2024\/04\/czujnik_gazu_5.webp\"><img loading=\"lazy\" decoding=\"async\" class=\"aligncenter wp-image-1963 size-full\" src=\"https:\/\/alarmzone.pl\/wp-content\/uploads\/2024\/04\/czujnik_gazu_5.webp\" alt=\"\" width=\"694\" height=\"674\" srcset=\"https:\/\/alarmzone.pl\/wp-content\/uploads\/2024\/04\/czujnik_gazu_5.webp 694w, https:\/\/alarmzone.pl\/wp-content\/uploads\/2024\/04\/czujnik_gazu_5-300x291.webp 300w, https:\/\/alarmzone.pl\/wp-content\/uploads\/2024\/04\/czujnik_gazu_5-600x583.webp 600w\" sizes=\"(max-width: 694px) 100vw, 694px\" \/><\/a><\/p>\n<h5 class=\"\">Przepisy GPSR\/CE:<\/h5>\n<ul>\n<li><a href=\"https:\/\/alarmzone.pl\/wp-content\/uploads\/2025\/07\/GPSR-ALARMZONE.DOCX.pdf\">GPSR ALARMZONE.DOCX<\/a><\/li>\n<\/ul>\n","protected":false},"excerpt":{"rendered":"<ul>\n<li>\n<h6><span class=\"first\">Wysy\u0142ka w <\/span><span class=\"second\">24 godziny<\/span><\/h6>\n<\/li>\n<\/ul>\n","protected":false},"featured_media":1964,"comment_status":"open","ping_status":"closed","template":"","meta":[],"product_brand":[136],"product_cat":[225,41],"product_tag":[100,105,106],"class_list":{"0":"post-1957","1":"product","2":"type-product","3":"status-publish","4":"has-post-thumbnail","6":"product_brand-alarmzone","7":"product_cat-gazu","8":"product_cat-detektory-czujniki-piloty-syreny-itp","9":"product_tag-czujnik","10":"product_tag-czujnik-gazu","11":"product_tag-detektor","13":"first","14":"instock","15":"taxable","16":"shipping-taxable","17":"purchasable","18":"product-type-simple"},"_links":{"self":[{"href":"https:\/\/alarmzone.pl\/index.php\/wp-json\/wp\/v2\/product\/1957","targetHints":{"allow":["GET"]}}],"collection":[{"href":"https:\/\/alarmzone.pl\/index.php\/wp-json\/wp\/v2\/product"}],"about":[{"href":"https:\/\/alarmzone.pl\/index.php\/wp-json\/wp\/v2\/types\/product"}],"replies":[{"embeddable":true,"href":"https:\/\/alarmzone.pl\/index.php\/wp-json\/wp\/v2\/comments?post=1957"}],"wp:featuredmedia":[{"embeddable":true,"href":"https:\/\/alarmzone.pl\/index.php\/wp-json\/wp\/v2\/media\/1964"}],"wp:attachment":[{"href":"https:\/\/alarmzone.pl\/index.php\/wp-json\/wp\/v2\/media?parent=1957"}],"wp:term":[{"taxonomy":"product_brand","embeddable":true,"href":"https:\/\/alarmzone.pl\/index.php\/wp-json\/wp\/v2\/product_brand?post=1957"},{"taxonomy":"product_cat","embeddable":true,"href":"https:\/\/alarmzone.pl\/index.php\/wp-json\/wp\/v2\/product_cat?post=1957"},{"taxonomy":"product_tag","embeddable":true,"href":"https:\/\/alarmzone.pl\/index.php\/wp-json\/wp\/v2\/product_tag?post=1957"}],"curies":[{"name":"wp","href":"https:\/\/api.w.org\/{rel}","templated":true}]}}