{"id":1949,"date":"2024-03-26T14:09:55","date_gmt":"2024-03-26T14:09:55","guid":{"rendered":"http:\/\/sektoralarm.pl\/?post_type=product&#038;p=1949"},"modified":"2026-03-29T16:43:16","modified_gmt":"2026-03-29T16:43:16","slug":"czujnik-drzwi-okien-pb68-kontaktron-433mhz-bezprzewodowy","status":"publish","type":"product","link":"https:\/\/alarmzone.pl\/index.php\/produkt\/czujnik-drzwi-okien-pb68-kontaktron-433mhz-bezprzewodowy\/","title":{"rendered":"Czujnik drzwi\/okien PB68 , kontaktron 433MHz bezprzewodowy"},"content":{"rendered":"<div class=\"mpof_ki myre_zn myre_8v_l _0d3bd_YrWCD\">\n<div class=\"mp4t_16_s mryx_16_s mr3m_1 mli2_1 mh85_56 mh85_0_l\">\n<div class=\"mgn2_16 _0d3bd_5pK0q\">\n<div class=\"mpof_ki myre_zn myre_8v_l _0d3bd_YrWCD\">\n<div class=\"mp4t_16_s mryx_16_s mr3m_1 mli2_1 mh85_56 mh85_0_l\">\n<div class=\"mgn2_16 _0d3bd_5pK0q\">\n<h3 style=\"text-align: center;\"><span style=\"color: #0000ff;\"><strong>Bezprzewodowy czujnik drzwi\/okien 433MHz<\/strong><\/span><\/h3>\n<h4 style=\"text-align: center;\"><span style=\"color: #ff0000;\"><strong>nowoczesny design, niezawodno\u015b\u0107 dzia\u0142ania, informacja o otwarciu i zamkni\u0119ciu\u00a0<\/strong><\/span><\/h4>\n<\/div>\n<\/div>\n<\/div>\n<\/div>\n<\/div>\n<\/div>\n<div class=\"mpof_ki myre_zn myre_8v_l _0d3bd_YrWCD\">\n<div class=\"mp4t_16_s mryx_16_s mr3m_1 mli2_1 mh85_56 mh85_0_l\">\n<div class=\"mgn2_16 _0d3bd_5pK0q\">\n<p><a href=\"https:\/\/alarmzone.pl\/wp-content\/uploads\/2024\/03\/czujnik_okien.webp\"><img fetchpriority=\"high\" decoding=\"async\" class=\"aligncenter wp-image-1943 size-full\" src=\"https:\/\/alarmzone.pl\/wp-content\/uploads\/2024\/03\/czujnik_okien.webp\" alt=\"\" width=\"616\" height=\"599\" srcset=\"https:\/\/alarmzone.pl\/wp-content\/uploads\/2024\/03\/czujnik_okien.webp 616w, https:\/\/alarmzone.pl\/wp-content\/uploads\/2024\/03\/czujnik_okien-300x292.webp 300w, https:\/\/alarmzone.pl\/wp-content\/uploads\/2024\/03\/czujnik_okien-600x583.webp 600w\" sizes=\"(max-width: 616px) 100vw, 616px\" \/><\/a><\/p>\n<\/div>\n<\/div>\n<\/div>\n<p style=\"text-align: center;\"><strong>Czujnik wsp\u00f3\u0142pracuje w po\u0142\u0105czeniu z bezprzewodowymi zestawami alarmowymi oraz kamerami 433 MHz, w tym: <span style=\"color: #ff0000;\">TUYA SMART SR1, SR2, SR3, SR4, SR5, AZ10WG, AZ11WG, PG-106, PG-103, G74-4G<\/span><\/strong><\/p>\n<p><a href=\"https:\/\/alarmzone.pl\/wp-content\/uploads\/2024\/03\/czujnik_okien_1.webp\"><img decoding=\"async\" class=\"aligncenter wp-image-1944 size-full\" src=\"https:\/\/alarmzone.pl\/wp-content\/uploads\/2024\/03\/czujnik_okien_1.webp\" alt=\"\" width=\"587\" height=\"516\" srcset=\"https:\/\/alarmzone.pl\/wp-content\/uploads\/2024\/03\/czujnik_okien_1.webp 587w, https:\/\/alarmzone.pl\/wp-content\/uploads\/2024\/03\/czujnik_okien_1-300x264.webp 300w\" sizes=\"(max-width: 587px) 100vw, 587px\" \/><\/a><\/p>\n<p style=\"text-align: center;\"><strong>W\u0142a\u015bciwo\u015bci czujnika:<\/strong><\/p>\n<p style=\"text-align: center;\">&#8211; natychmiastowe wys\u0142anie sygna\u0142u radiowego 433 MHz do urz\u0105dzenia alarmowego po otwarciu drzwi\/okna<\/p>\n<p style=\"text-align: center;\">&#8211; czujnik zamkni\u0119cia i otwarcia drzwi\/okna,<\/p>\n<p style=\"text-align: center;\">&#8211; zabezpieczenie sabota\u017cowe,<\/p>\n<p style=\"text-align: center;\">&#8211; alarm niskiego napi\u0119cia baterii zasilaj\u0105cej 2,2-2,4V,<\/p>\n<p style=\"text-align: center;\">&#8211; zasilanie CR2450 3V\u00a0 \u00a0(bateria w czujniku )<\/p>\n<p style=\"text-align: center;\">&#8211; pob\u00f3r pr\u0105du w trybie czuwania ~ 8uA<\/p>\n<p style=\"text-align: center;\">&#8211; pob\u00f3r pr\u0105du w trybie pracy ~ 12mA<\/p>\n<p style=\"text-align: center;\">&#8211; cz\u0119stotliwo\u015b\u0107 pracy 433MHz\/1527 (+_ 75KHz)<\/p>\n<p style=\"text-align: center;\">&#8211; zasi\u0119g w terenie otwartym 120m<\/p>\n<p style=\"text-align: center;\">&#8211; temperatura pracy -10 C ~ 40 C<\/p>\n<p style=\"text-align: center;\">&#8211; wilgotno\u015b\u0107 &lt; 85%<\/p>\n<p><a href=\"https:\/\/alarmzone.pl\/wp-content\/uploads\/2024\/03\/czujnik_okien_2.webp\"><img decoding=\"async\" class=\"aligncenter wp-image-1945 size-full\" src=\"https:\/\/alarmzone.pl\/wp-content\/uploads\/2024\/03\/czujnik_okien_2.webp\" alt=\"\" width=\"743\" height=\"1592\" srcset=\"https:\/\/alarmzone.pl\/wp-content\/uploads\/2024\/03\/czujnik_okien_2.webp 743w, https:\/\/alarmzone.pl\/wp-content\/uploads\/2024\/03\/czujnik_okien_2-140x300.webp 140w, https:\/\/alarmzone.pl\/wp-content\/uploads\/2024\/03\/czujnik_okien_2-478x1024.webp 478w, https:\/\/alarmzone.pl\/wp-content\/uploads\/2024\/03\/czujnik_okien_2-717x1536.webp 717w, https:\/\/alarmzone.pl\/wp-content\/uploads\/2024\/03\/czujnik_okien_2-600x1286.webp 600w\" sizes=\"(max-width: 743px) 100vw, 743px\" \/><\/a><\/p>\n<p><strong>\u00a0<\/strong><\/p>\n<p><strong>Zestaw zawiera:<\/strong><\/p>\n<p>-1x Czujnik\/kontaktron z bateri\u0105 CR2450,<\/p>\n<p>-1x ta\u015bma dwustronna mocuj\u0105ca,<\/p>\n<p>-1x opakowanie,<\/p>\n<p><a href=\"https:\/\/alarmzone.pl\/wp-content\/uploads\/2024\/03\/czujnik_okien_3.webp\"><img loading=\"lazy\" decoding=\"async\" class=\"aligncenter wp-image-1946 size-full\" src=\"https:\/\/alarmzone.pl\/wp-content\/uploads\/2024\/03\/czujnik_okien_3.webp\" alt=\"\" width=\"549\" height=\"414\" srcset=\"https:\/\/alarmzone.pl\/wp-content\/uploads\/2024\/03\/czujnik_okien_3.webp 549w, https:\/\/alarmzone.pl\/wp-content\/uploads\/2024\/03\/czujnik_okien_3-300x226.webp 300w, https:\/\/alarmzone.pl\/wp-content\/uploads\/2024\/03\/czujnik_okien_3-160x120.webp 160w\" sizes=\"(max-width: 549px) 100vw, 549px\" \/><\/a><\/p>\n<p>&nbsp;<\/p>\n<h5 class=\"\">Przepisy GPSR\/CE:<\/h5>\n<ul>\n<li><a href=\"https:\/\/alarmzone.pl\/wp-content\/uploads\/2025\/07\/GPSR-ALARMZONE.DOCX.pdf\">GPSR ALARMZONE.DOCX<\/a><\/li>\n<\/ul>\n","protected":false},"excerpt":{"rendered":"<ul>\n<li>\n<h6><span class=\"first\">Wysy\u0142ka w <\/span><span class=\"second\">24 godziny<\/span><\/h6>\n<\/li>\n<li>\n<h6>Darmowa wysy\u0142ka<\/h6>\n<\/li>\n<\/ul>\n","protected":false},"featured_media":1947,"comment_status":"open","ping_status":"closed","template":"","meta":[],"product_brand":[135],"product_cat":[222],"product_tag":[100,103,104,102,101],"class_list":{"0":"post-1949","1":"product","2":"type-product","3":"status-publish","4":"has-post-thumbnail","6":"product_brand-tugard","7":"product_cat-czujniki-drzwi-okna","8":"product_tag-czujnik","9":"product_tag-czujnik-drzwi","10":"product_tag-czujnik-okien","11":"product_tag-czujnik-ruchu","12":"product_tag-detektor-ruchu","14":"first","15":"instock","16":"taxable","17":"shipping-taxable","18":"purchasable","19":"product-type-simple"},"_links":{"self":[{"href":"https:\/\/alarmzone.pl\/index.php\/wp-json\/wp\/v2\/product\/1949","targetHints":{"allow":["GET"]}}],"collection":[{"href":"https:\/\/alarmzone.pl\/index.php\/wp-json\/wp\/v2\/product"}],"about":[{"href":"https:\/\/alarmzone.pl\/index.php\/wp-json\/wp\/v2\/types\/product"}],"replies":[{"embeddable":true,"href":"https:\/\/alarmzone.pl\/index.php\/wp-json\/wp\/v2\/comments?post=1949"}],"wp:featuredmedia":[{"embeddable":true,"href":"https:\/\/alarmzone.pl\/index.php\/wp-json\/wp\/v2\/media\/1947"}],"wp:attachment":[{"href":"https:\/\/alarmzone.pl\/index.php\/wp-json\/wp\/v2\/media?parent=1949"}],"wp:term":[{"taxonomy":"product_brand","embeddable":true,"href":"https:\/\/alarmzone.pl\/index.php\/wp-json\/wp\/v2\/product_brand?post=1949"},{"taxonomy":"product_cat","embeddable":true,"href":"https:\/\/alarmzone.pl\/index.php\/wp-json\/wp\/v2\/product_cat?post=1949"},{"taxonomy":"product_tag","embeddable":true,"href":"https:\/\/alarmzone.pl\/index.php\/wp-json\/wp\/v2\/product_tag?post=1949"}],"curies":[{"name":"wp","href":"https:\/\/api.w.org\/{rel}","templated":true}]}}