{"id":1941,"date":"2024-03-26T14:00:46","date_gmt":"2024-03-26T14:00:46","guid":{"rendered":"http:\/\/sektoralarm.pl\/?post_type=product&#038;p=1941"},"modified":"2026-03-28T21:10:02","modified_gmt":"2026-03-28T21:10:02","slug":"czujnik-drzwi-okien-ddw01-kontaktron-433mhz-bezprzewodowy","status":"publish","type":"product","link":"https:\/\/alarmzone.pl\/index.php\/produkt\/czujnik-drzwi-okien-ddw01-kontaktron-433mhz-bezprzewodowy\/","title":{"rendered":"Czujnik drzwi\/okien DDW01 , kontaktron 433MHz bezprzewodowy"},"content":{"rendered":"<div class=\"mpof_ki myre_zn myre_8v_l _0d3bd_YrWCD\">\n<div class=\"mp4t_16_s mryx_16_s mr3m_1 mli2_1 mh85_56 mh85_0_l\">\n<div class=\"mgn2_16 _0d3bd_5pK0q\">\n<div class=\"mpof_ki myre_zn myre_8v_l _0d3bd_YrWCD\">\n<div class=\"mp4t_16_s mryx_16_s mr3m_1 mli2_1 mh85_56 mh85_0_l\">\n<div class=\"mgn2_16 _0d3bd_5pK0q\">\n<h3 style=\"text-align: center;\"><span style=\"color: #0000ff;\"><strong>Bezprzewodowy czujnik drzwi\/okien 433MHz<\/strong><\/span><\/h3>\n<h4 style=\"text-align: center;\"><span style=\"color: #ff0000;\"><strong>nowoczesny design, niezawodno\u015b\u0107 dzia\u0142ania<\/strong><\/span><\/h4>\n<\/div>\n<\/div>\n<\/div>\n<\/div>\n<\/div>\n<\/div>\n<div class=\"mpof_ki myre_zn myre_8v_l _0d3bd_YrWCD\">\n<div class=\"mp4t_16_s mryx_16_s mr3m_1 mli2_1 mh85_56 mh85_0_l\">\n<div class=\"mgn2_16 _0d3bd_5pK0q\">\n<p><a href=\"https:\/\/alarmzone.pl\/wp-content\/uploads\/2024\/03\/czujnik_drzwi.webp\"><img fetchpriority=\"high\" decoding=\"async\" class=\"aligncenter wp-image-1936 size-full\" src=\"https:\/\/alarmzone.pl\/wp-content\/uploads\/2024\/03\/czujnik_drzwi.webp\" alt=\"\" width=\"641\" height=\"791\" srcset=\"https:\/\/alarmzone.pl\/wp-content\/uploads\/2024\/03\/czujnik_drzwi.webp 641w, https:\/\/alarmzone.pl\/wp-content\/uploads\/2024\/03\/czujnik_drzwi-243x300.webp 243w, https:\/\/alarmzone.pl\/wp-content\/uploads\/2024\/03\/czujnik_drzwi-600x740.webp 600w\" sizes=\"(max-width: 641px) 100vw, 641px\" \/><\/a><\/p>\n<\/div>\n<\/div>\n<\/div>\n<p style=\"text-align: center;\"><strong>Czujnik wsp\u00f3\u0142pracuje w po\u0142\u0105czeniu z bezprzewodowymi zestawami alarmowymi oraz kamerami 433 MHz, w tym:\u00a0<span style=\"color: #ff0000;\">TUYA SMART SR1, SR4, SR5, AZ10WG, AZ11WG, PG-106, PG-103<\/span><\/strong><\/p>\n<p><a href=\"https:\/\/alarmzone.pl\/wp-content\/uploads\/2024\/03\/czujnik_drzwi_1.webp\"><img decoding=\"async\" class=\"aligncenter wp-image-1937 size-full\" src=\"https:\/\/alarmzone.pl\/wp-content\/uploads\/2024\/03\/czujnik_drzwi_1.webp\" alt=\"\" width=\"581\" height=\"416\" srcset=\"https:\/\/alarmzone.pl\/wp-content\/uploads\/2024\/03\/czujnik_drzwi_1.webp 581w, https:\/\/alarmzone.pl\/wp-content\/uploads\/2024\/03\/czujnik_drzwi_1-300x215.webp 300w\" sizes=\"(max-width: 581px) 100vw, 581px\" \/><\/a><\/p>\n<p style=\"text-align: center;\"><strong>W\u0142a\u015bciwo\u015bci czujnika:<\/strong><\/p>\n<p style=\"text-align: center;\">&#8211; natychmiastowe wys\u0142anie sygna\u0142u radiowego 433 MHz do urz\u0105dzenia alarmowego po otwarciu drzwi\/okna<\/p>\n<p style=\"text-align: center;\">&#8211; czujnik zamkni\u0119cia i otwarcia drzwi\/okna(w po\u0142\u0105czeniu z odpowiedni\u0105 central\u0105),<\/p>\n<p style=\"text-align: center;\">&#8211; zabezpieczenie sabota\u017cowe,<\/p>\n<p style=\"text-align: center;\">&#8211; alarm niskiego napi\u0119cia baterii zasilaj\u0105cej,<\/p>\n<p style=\"text-align: center;\">&#8211; zasilanie CR2032 3V\u00a0 \u00a0(bateria w czujniku )<\/p>\n<p style=\"text-align: center;\">&#8211; pob\u00f3r pr\u0105du w trybie czuwania ~ 8uA<\/p>\n<p style=\"text-align: center;\">&#8211; pob\u00f3r pr\u0105du w trybie pracy ~ 15mA<\/p>\n<p style=\"text-align: center;\">&#8211; cz\u0119stotliwo\u015b\u0107 pracy 433MHz (+_ 75KHz)<\/p>\n<p style=\"text-align: center;\">&#8211; zasi\u0119g w terenie otwartym 80m<\/p>\n<p style=\"text-align: center;\">&#8211; temperatura pracy -10 C ~ 40 C<\/p>\n<p style=\"text-align: center;\">&#8211; wilgotno\u015b\u0107 &lt; 85%<\/p>\n<p><a href=\"https:\/\/alarmzone.pl\/wp-content\/uploads\/2024\/03\/czujnik_drzwi_2.webp\"><img decoding=\"async\" class=\"aligncenter wp-image-1938 size-full\" src=\"https:\/\/alarmzone.pl\/wp-content\/uploads\/2024\/03\/czujnik_drzwi_2.webp\" alt=\"\" width=\"722\" height=\"504\" srcset=\"https:\/\/alarmzone.pl\/wp-content\/uploads\/2024\/03\/czujnik_drzwi_2.webp 722w, https:\/\/alarmzone.pl\/wp-content\/uploads\/2024\/03\/czujnik_drzwi_2-300x209.webp 300w, https:\/\/alarmzone.pl\/wp-content\/uploads\/2024\/03\/czujnik_drzwi_2-600x419.webp 600w\" sizes=\"(max-width: 722px) 100vw, 722px\" \/><\/a><\/p>\n<p><strong>\u00a0<\/strong><\/p>\n<p><strong>Zestaw zawiera:<\/strong><\/p>\n<p>-1x Czujnik\/kontaktron z bateri\u0105 CR2032,<\/p>\n<p>-1x ta\u015bma dwustronna mocuj\u0105ca,<\/p>\n<p>-1x opakowanie,<\/p>\n<p><a href=\"https:\/\/alarmzone.pl\/wp-content\/uploads\/2024\/03\/czujnik_drzwi_3.webp\"><img loading=\"lazy\" decoding=\"async\" class=\"aligncenter wp-image-1939 size-full\" src=\"https:\/\/alarmzone.pl\/wp-content\/uploads\/2024\/03\/czujnik_drzwi_3.webp\" alt=\"\" width=\"681\" height=\"589\" srcset=\"https:\/\/alarmzone.pl\/wp-content\/uploads\/2024\/03\/czujnik_drzwi_3.webp 681w, https:\/\/alarmzone.pl\/wp-content\/uploads\/2024\/03\/czujnik_drzwi_3-300x259.webp 300w, https:\/\/alarmzone.pl\/wp-content\/uploads\/2024\/03\/czujnik_drzwi_3-600x519.webp 600w\" sizes=\"(max-width: 681px) 100vw, 681px\" \/><\/a><\/p>\n<h5 class=\"\">Przepisy GPSR\/CE:<\/h5>\n<ul>\n<li><a href=\"https:\/\/alarmzone.pl\/wp-content\/uploads\/2025\/07\/GPSR-ALARMZONE.DOCX.pdf\">GPSR ALARMZONE.DOCX<\/a><\/li>\n<\/ul>\n","protected":false},"excerpt":{"rendered":"<ul>\n<li>\n<h6><span class=\"first\">Wysy\u0142ka w <\/span><span class=\"second\">24 godziny<\/span><\/h6>\n<\/li>\n<\/ul>\n","protected":false},"featured_media":1940,"comment_status":"open","ping_status":"closed","template":"","meta":[],"product_brand":[136],"product_cat":[222,41],"product_tag":[100,103,104,102,101],"class_list":{"0":"post-1941","1":"product","2":"type-product","3":"status-publish","4":"has-post-thumbnail","6":"product_brand-alarmzone","7":"product_cat-czujniki-drzwi-okna","8":"product_cat-detektory-czujniki-piloty-syreny-itp","9":"product_tag-czujnik","10":"product_tag-czujnik-drzwi","11":"product_tag-czujnik-okien","12":"product_tag-czujnik-ruchu","13":"product_tag-detektor-ruchu","15":"first","16":"instock","17":"taxable","18":"shipping-taxable","19":"purchasable","20":"product-type-simple"},"_links":{"self":[{"href":"https:\/\/alarmzone.pl\/index.php\/wp-json\/wp\/v2\/product\/1941","targetHints":{"allow":["GET"]}}],"collection":[{"href":"https:\/\/alarmzone.pl\/index.php\/wp-json\/wp\/v2\/product"}],"about":[{"href":"https:\/\/alarmzone.pl\/index.php\/wp-json\/wp\/v2\/types\/product"}],"replies":[{"embeddable":true,"href":"https:\/\/alarmzone.pl\/index.php\/wp-json\/wp\/v2\/comments?post=1941"}],"wp:featuredmedia":[{"embeddable":true,"href":"https:\/\/alarmzone.pl\/index.php\/wp-json\/wp\/v2\/media\/1940"}],"wp:attachment":[{"href":"https:\/\/alarmzone.pl\/index.php\/wp-json\/wp\/v2\/media?parent=1941"}],"wp:term":[{"taxonomy":"product_brand","embeddable":true,"href":"https:\/\/alarmzone.pl\/index.php\/wp-json\/wp\/v2\/product_brand?post=1941"},{"taxonomy":"product_cat","embeddable":true,"href":"https:\/\/alarmzone.pl\/index.php\/wp-json\/wp\/v2\/product_cat?post=1941"},{"taxonomy":"product_tag","embeddable":true,"href":"https:\/\/alarmzone.pl\/index.php\/wp-json\/wp\/v2\/product_tag?post=1941"}],"curies":[{"name":"wp","href":"https:\/\/api.w.org\/{rel}","templated":true}]}}