{"id":1918,"date":"2024-03-26T13:41:09","date_gmt":"2024-03-26T13:41:09","guid":{"rendered":"http:\/\/sektoralarm.pl\/?post_type=product&#038;p=1918"},"modified":"2026-03-28T20:42:40","modified_gmt":"2026-03-28T20:42:40","slug":"czujnik-ruchu-pir-433mhz","status":"publish","type":"product","link":"https:\/\/alarmzone.pl\/index.php\/produkt\/czujnik-ruchu-pir-433mhz\/","title":{"rendered":"Czujnik ruchu PIR 433MHz ZX-P10 odporny na zwierz\u0119ta"},"content":{"rendered":"<div class=\"mpof_ki myre_zn myre_8v_l _0d3bd_YrWCD\">\n<div class=\"mp4t_16_s mryx_16_s mr3m_1 mli2_1 mh85_56 mh85_0_l\">\n<div class=\"mgn2_16 _0d3bd_5pK0q\">\n<div class=\"mpof_ki myre_zn myre_8v_l _0d3bd_YrWCD\">\n<div class=\"mp4t_16_s mryx_16_s mr3m_1 mli2_1 mh85_56 mh85_0_l\">\n<div class=\"mgn2_16 _0d3bd_5pK0q\">\n<h3 style=\"text-align: center;\"><span style=\"color: #ff0000;\"><strong>Czujnik ruchu 433mHz z mikroprocesorem o niskiej konsumpcji energii i odporno\u015bci na zwierz\u0119ta do 15 kg<\/strong><\/span><\/h3>\n<\/div>\n<\/div>\n<\/div>\n<\/div>\n<\/div>\n<\/div>\n<div class=\"mpof_ki myre_zn myre_8v_l _0d3bd_YrWCD\">\n<div class=\"mp4t_16_s mryx_16_s mr3m_1 mli2_1 mh85_56 mh85_0_l\">\n<div class=\"mgn2_16 _0d3bd_5pK0q\">\n<p><a href=\"https:\/\/alarmzone.pl\/wp-content\/uploads\/2024\/03\/p10a.jpg\"><img fetchpriority=\"high\" decoding=\"async\" class=\"wp-image-5707 aligncenter\" src=\"https:\/\/alarmzone.pl\/wp-content\/uploads\/2024\/03\/p10a-908x1024.jpg\" alt=\"\" width=\"564\" height=\"636\" srcset=\"https:\/\/alarmzone.pl\/wp-content\/uploads\/2024\/03\/p10a-908x1024.jpg 908w, https:\/\/alarmzone.pl\/wp-content\/uploads\/2024\/03\/p10a-266x300.jpg 266w, https:\/\/alarmzone.pl\/wp-content\/uploads\/2024\/03\/p10a-768x866.jpg 768w, https:\/\/alarmzone.pl\/wp-content\/uploads\/2024\/03\/p10a-600x676.jpg 600w, https:\/\/alarmzone.pl\/wp-content\/uploads\/2024\/03\/p10a.jpg 1288w\" sizes=\"(max-width: 564px) 100vw, 564px\" \/><\/a><\/p>\n<\/div>\n<\/div>\n<\/div>\n<p>&nbsp;<\/p>\n<p style=\"text-align: center;\"><span style=\"color: #0000ff;\">\u00a0NOWOCZESNY BEZPRZEWODOWY CZUJNIK RUCHU Z FUNKCJ\u0104 POWIADOMIENIA O NISKIM<\/span><\/p>\n<p style=\"text-align: center;\"><span style=\"color: #0000ff;\">POZIOMIE NA\u0141ADOWANIA BATERII<\/span>.<\/p>\n<p><strong><em>Co wyr\u00f3\u017cnia czujnik ZX-P10 :<\/em><\/strong><\/p>\n<p>* Niskie koszty eksploatacji &#8211; Zasilanie 3 bateriami 1,5 V AA,<br \/>\n* Niski pob\u00f3r pr\u0105du- bardzo d\u0142ugi czas czuwania -nawet 2 lata czuwania,<br \/>\n* Fizyczny w\u0142\u0105cznik\/wy\u0142\u0105cznik,<br \/>\n* Inteligentna analiza logiczna, zapobiega fa\u0142szywym alarmom,<br \/>\n* Funkcja ostrzegania o niskim stanie baterii,<br \/>\n* Odporny za zak\u0142\u00f3cenia \u015bwiat\u0142a bia\u0142ego<br \/>\n*\u00a0Ponad milion sposob\u00f3w kodowania<br \/>\n* Kompaktowy i elegancki design,<\/p>\n<p><strong>* NOWO\u015a\u0106!<\/strong> Posiada mo\u017cliwo\u015b\u0107 ustawienia czu\u0142o\u015bci- puls\u00f3w,<\/p>\n<p><strong>* NOWO\u015a\u0106!<\/strong> Mo\u017cliwo\u015b\u0107 wy\u0142\u0105czenia diody LED<\/p>\n<p><a href=\"https:\/\/alarmzone.pl\/wp-content\/uploads\/2024\/03\/p10c.jpg\"><img decoding=\"async\" class=\"size-large wp-image-5709 aligncenter\" src=\"https:\/\/alarmzone.pl\/wp-content\/uploads\/2024\/03\/p10c-1017x1024.jpg\" alt=\"\" width=\"1017\" height=\"1024\" srcset=\"https:\/\/alarmzone.pl\/wp-content\/uploads\/2024\/03\/p10c-1017x1024.jpg 1017w, https:\/\/alarmzone.pl\/wp-content\/uploads\/2024\/03\/p10c-298x300.jpg 298w, https:\/\/alarmzone.pl\/wp-content\/uploads\/2024\/03\/p10c-150x150.jpg 150w, https:\/\/alarmzone.pl\/wp-content\/uploads\/2024\/03\/p10c-768x773.jpg 768w, https:\/\/alarmzone.pl\/wp-content\/uploads\/2024\/03\/p10c-600x604.jpg 600w, https:\/\/alarmzone.pl\/wp-content\/uploads\/2024\/03\/p10c-100x100.jpg 100w, https:\/\/alarmzone.pl\/wp-content\/uploads\/2024\/03\/p10c.jpg 1444w\" sizes=\"(max-width: 1017px) 100vw, 1017px\" \/><\/a><\/p>\n<p><strong>Parametry techniczne:<\/strong><\/p>\n<p>Zasilanie: <span style=\"color: #ff0000;\">bateria 3x AA &#8211; w zestawie<\/span><\/p>\n<p>Zu\u017cycie pr\u0105du w trybie czuwania: poni\u017cej 15uA<\/p>\n<p>Zu\u017cycie pr\u0105du w trybie alarmu: poni\u017cej 25mA<\/p>\n<p>Zakres temperatur pracy: -10 to +55 C<\/p>\n<p>Spos\u00f3b montowania: na\u015bcienne<\/p>\n<p>Wysoko\u015b\u0107 montowania: oko\u0142o 1,8-2,2m<\/p>\n<p>Odleg\u0142o\u015b\u0107 wykrywania ruchu: 8-12m<\/p>\n<p>K\u0105t wykrywania:120 stopni<\/p>\n<p>Dystans dzia\u0142ania\/transmisji sygna\u0142u &#8211; do 80m ( przestrze\u0144 otwarta)<\/p>\n<p>Waga: 140g.<\/p>\n<p>Wymiary produktu : 140 x 67 x 45mm<\/p>\n<p>Cz\u0119stotliwo\u015b\u0107 nadawcza:\u00a0\u00a0433Mhz.<\/p>\n<p>&nbsp;<\/p>\n<div>\n<p><strong>Jedno opakowanie zawiera:<\/strong><\/p>\n<p>-Czujnik ruchu wraz z bateriami X 1<\/p>\n<p>-Zestaw do montowania na \u015bcianie X 1<\/p>\n<\/div>\n<p><a href=\"https:\/\/alarmzone.pl\/wp-content\/uploads\/2024\/03\/p10o.jpg\"><img decoding=\"async\" class=\"wp-image-5712 size-large aligncenter\" src=\"https:\/\/alarmzone.pl\/wp-content\/uploads\/2024\/03\/p10o-1024x1024.jpg\" alt=\"\" width=\"1024\" height=\"1024\" srcset=\"https:\/\/alarmzone.pl\/wp-content\/uploads\/2024\/03\/p10o-1024x1024.jpg 1024w, https:\/\/alarmzone.pl\/wp-content\/uploads\/2024\/03\/p10o-300x300.jpg 300w, https:\/\/alarmzone.pl\/wp-content\/uploads\/2024\/03\/p10o-150x150.jpg 150w, https:\/\/alarmzone.pl\/wp-content\/uploads\/2024\/03\/p10o-768x768.jpg 768w, https:\/\/alarmzone.pl\/wp-content\/uploads\/2024\/03\/p10o-600x600.jpg 600w, https:\/\/alarmzone.pl\/wp-content\/uploads\/2024\/03\/p10o-100x100.jpg 100w, https:\/\/alarmzone.pl\/wp-content\/uploads\/2024\/03\/p10o.jpg 1452w\" sizes=\"(max-width: 1024px) 100vw, 1024px\" \/><\/a><\/p>\n<h5 class=\"\">Przepisy GPSR\/CE:<\/h5>\n<ul>\n<li><a href=\"https:\/\/alarmzone.pl\/wp-content\/uploads\/2025\/07\/GPSR-ALARMZONE.DOCX.pdf\">GPSR ALARMZONE.DOCX<\/a><\/li>\n<\/ul>\n","protected":false},"excerpt":{"rendered":"<ul>\n<li>\n<h6><span class=\"first\">Wysy\u0142ka w <\/span><span class=\"second\">24 godziny<\/span><\/h6>\n<\/li>\n<\/ul>\n","protected":false},"featured_media":5707,"comment_status":"open","ping_status":"closed","template":"","meta":[],"product_brand":[136],"product_cat":[221,41],"product_tag":[100,102,101],"class_list":{"0":"post-1918","1":"product","2":"type-product","3":"status-publish","4":"has-post-thumbnail","6":"product_brand-alarmzone","7":"product_cat-czujniki-ruchu","8":"product_cat-detektory-czujniki-piloty-syreny-itp","9":"product_tag-czujnik","10":"product_tag-czujnik-ruchu","11":"product_tag-detektor-ruchu","13":"first","14":"instock","15":"taxable","16":"shipping-taxable","17":"purchasable","18":"product-type-simple"},"_links":{"self":[{"href":"https:\/\/alarmzone.pl\/index.php\/wp-json\/wp\/v2\/product\/1918","targetHints":{"allow":["GET"]}}],"collection":[{"href":"https:\/\/alarmzone.pl\/index.php\/wp-json\/wp\/v2\/product"}],"about":[{"href":"https:\/\/alarmzone.pl\/index.php\/wp-json\/wp\/v2\/types\/product"}],"replies":[{"embeddable":true,"href":"https:\/\/alarmzone.pl\/index.php\/wp-json\/wp\/v2\/comments?post=1918"}],"wp:featuredmedia":[{"embeddable":true,"href":"https:\/\/alarmzone.pl\/index.php\/wp-json\/wp\/v2\/media\/5707"}],"wp:attachment":[{"href":"https:\/\/alarmzone.pl\/index.php\/wp-json\/wp\/v2\/media?parent=1918"}],"wp:term":[{"taxonomy":"product_brand","embeddable":true,"href":"https:\/\/alarmzone.pl\/index.php\/wp-json\/wp\/v2\/product_brand?post=1918"},{"taxonomy":"product_cat","embeddable":true,"href":"https:\/\/alarmzone.pl\/index.php\/wp-json\/wp\/v2\/product_cat?post=1918"},{"taxonomy":"product_tag","embeddable":true,"href":"https:\/\/alarmzone.pl\/index.php\/wp-json\/wp\/v2\/product_tag?post=1918"}],"curies":[{"name":"wp","href":"https:\/\/api.w.org\/{rel}","templated":true}]}}