{"id":1811,"date":"2024-03-22T08:52:39","date_gmt":"2024-03-22T08:52:39","guid":{"rendered":"http:\/\/sektoralarm.pl\/?post_type=product&#038;p=1811"},"modified":"2025-10-18T18:46:31","modified_gmt":"2025-10-18T18:46:31","slug":"zasilacz-do-alarmu-kamery-syreny-dc-12v-2a-ac-100-240v","status":"publish","type":"product","link":"https:\/\/alarmzone.pl\/index.php\/produkt\/zasilacz-do-alarmu-kamery-syreny-dc-12v-2a-ac-100-240v\/","title":{"rendered":"Zasilacz Do Alarmu, Kamery, Syreny DC 12V 2A AC 100-240V"},"content":{"rendered":"<div class=\"mpof_ki myre_zn myre_8v_l _0d3bd_YrWCD\">\n<div class=\"mp4t_16_s mryx_16_s mr3m_1 mli2_1 mh85_56 mh85_0_l\">\n<div class=\"mgn2_16 _0d3bd_5pK0q\">\n<div class=\"mpof_ki myre_zn myre_8v_l _0d3bd_YrWCD\">\n<div class=\"mp4t_16_s mryx_16_s mr3m_1 mli2_1 mh85_56 mh85_0_l\">\n<div class=\"mgn2_16 _0d3bd_5pK0q\">\n<h4>Zasilacz sieciowy 12V 2A Wtyk P4 2,1 x 5,5 mm<\/h4>\n<\/div>\n<\/div>\n<\/div>\n<div class=\"mpof_ki myre_zn myre_8v_l _0d3bd_YrWCD\">\n<div class=\"mp4t_16_s mryx_16_s mr3m_1 mli2_1 mh85_56 mh85_0_l\">\n<div class=\"mgn2_16 _0d3bd_5pK0q\">\n<h4>ZASILACZ DC 12V 2A \/ AC 100-240V DO KAMER, SYREN ALARMOWYCH, ITP.<\/h4>\n<ul>\n<li>Wtyk:\u00a0<strong>2,5\/5,5mm<\/strong>\u00a0(<strong>wsp\u00f3\u0142pracuje<\/strong>\u00a0z gniazdami\u00a0<strong>2,1\/5,5mm<\/strong>)<\/li>\n<li>Polaryzacja napi\u0119cia wtyku:\u00a0<strong>(+) wewn\u0105trz<\/strong>,\u00a0<strong>(-) zewn\u0105trz<\/strong><\/li>\n<\/ul>\n<p><strong>G\u0142\u00f3wne cechy<\/strong><\/p>\n<ul>\n<li>Wtyk P4 2,1mm x 5,5mm<\/li>\n<li>D\u0142ugo\u015b\u0107 ca\u0142kowita : oko\u0142o 38-40 cm<\/li>\n<li>Napi\u0119cie12V<\/li>\n<li>Wej\u015bcie: Bivolt<\/li>\n<li>Wyj\u015bcie: 12V DC<\/li>\n<li>Cz\u0119stotliwo\u015b\u010750\/60 Hz<\/li>\n<\/ul>\n<\/div>\n<\/div>\n<\/div>\n<\/div>\n<\/div>\n<\/div>\n<div class=\"mpof_ki myre_zn myre_8v_l _0d3bd_YrWCD\">\n<div class=\"mp4t_16_s mryx_16_s mr3m_1 mli2_1 mh85_56 mh85_0_l\">\n<div class=\"mgn2_16 _0d3bd_5pK0q\">\n<p><a href=\"https:\/\/alarmzone.pl\/wp-content\/uploads\/2024\/03\/3489.jpg\"><img fetchpriority=\"high\" decoding=\"async\" class=\"alignnone wp-image-2404 \" src=\"https:\/\/alarmzone.pl\/wp-content\/uploads\/2024\/03\/3489-293x300.jpg\" alt=\"\" width=\"397\" height=\"406\" srcset=\"https:\/\/alarmzone.pl\/wp-content\/uploads\/2024\/03\/3489-293x300.jpg 293w, https:\/\/alarmzone.pl\/wp-content\/uploads\/2024\/03\/3489-999x1024.jpg 999w, https:\/\/alarmzone.pl\/wp-content\/uploads\/2024\/03\/3489-768x787.jpg 768w, https:\/\/alarmzone.pl\/wp-content\/uploads\/2024\/03\/3489-1498x1536.jpg 1498w, https:\/\/alarmzone.pl\/wp-content\/uploads\/2024\/03\/3489-600x615.jpg 600w, https:\/\/alarmzone.pl\/wp-content\/uploads\/2024\/03\/3489.jpg 1997w\" sizes=\"(max-width: 397px) 100vw, 397px\" \/><\/a><\/p>\n<p>Zastosowanie:<\/p>\n<ul>\n<li>Kamery,<\/li>\n<li>Alarmy,<\/li>\n<li>o\u015bwietlenia LED,<\/li>\n<li>modu\u0142\u00f3w GSM,<\/li>\n<li>aparaty cyfrowe,<\/li>\n<li>monitory TV LED<\/li>\n<li>zabawki<\/li>\n<li>telefony bezprzewodowe<\/li>\n<li>\u0142adowarki akumulator\u00f3w elektronarz\u0119dzi<\/li>\n<li>dysk przeno\u015bny Seagate WD iOmega Hitachi<\/li>\n<li>router, switch, modem<\/li>\n<li>maszynki do strzy\u017cenia, golenia<\/li>\n<li>nawigacja GPS<\/li>\n<li>tablet, laptop<\/li>\n<li>drukarka, skaner<\/li>\n<\/ul>\n<h5 class=\"\">Przepisy GPSR\/CE:<\/h5>\n<ul>\n<li><a href=\"https:\/\/alarmzone.pl\/wp-content\/uploads\/2025\/07\/GPSR-ALARMZONE.DOCX.pdf\">GPSR ALARMZONE.DOCX<\/a><\/li>\n<\/ul>\n<\/div>\n<\/div>\n<\/div>\n","protected":false},"excerpt":{"rendered":"<ul>\n<li>\n<h6><span class=\"first\">Wysy\u0142ka w <\/span><span class=\"second\">24 godziny<\/span><\/h6>\n<\/li>\n<\/ul>\n","protected":false},"featured_media":2404,"comment_status":"open","ping_status":"closed","template":"","meta":[],"product_brand":[136],"product_cat":[43,39],"product_tag":[91],"class_list":{"0":"post-1811","1":"product","2":"type-product","3":"status-publish","4":"has-post-thumbnail","6":"product_brand-alarmzone","7":"product_cat-inne-niesklasyfikowane","8":"product_cat-kamery-wi-fi-smart-dom","9":"product_tag-zasilacz","11":"first","12":"instock","13":"taxable","14":"shipping-taxable","15":"purchasable","16":"product-type-simple"},"_links":{"self":[{"href":"https:\/\/alarmzone.pl\/index.php\/wp-json\/wp\/v2\/product\/1811","targetHints":{"allow":["GET"]}}],"collection":[{"href":"https:\/\/alarmzone.pl\/index.php\/wp-json\/wp\/v2\/product"}],"about":[{"href":"https:\/\/alarmzone.pl\/index.php\/wp-json\/wp\/v2\/types\/product"}],"replies":[{"embeddable":true,"href":"https:\/\/alarmzone.pl\/index.php\/wp-json\/wp\/v2\/comments?post=1811"}],"wp:featuredmedia":[{"embeddable":true,"href":"https:\/\/alarmzone.pl\/index.php\/wp-json\/wp\/v2\/media\/2404"}],"wp:attachment":[{"href":"https:\/\/alarmzone.pl\/index.php\/wp-json\/wp\/v2\/media?parent=1811"}],"wp:term":[{"taxonomy":"product_brand","embeddable":true,"href":"https:\/\/alarmzone.pl\/index.php\/wp-json\/wp\/v2\/product_brand?post=1811"},{"taxonomy":"product_cat","embeddable":true,"href":"https:\/\/alarmzone.pl\/index.php\/wp-json\/wp\/v2\/product_cat?post=1811"},{"taxonomy":"product_tag","embeddable":true,"href":"https:\/\/alarmzone.pl\/index.php\/wp-json\/wp\/v2\/product_tag?post=1811"}],"curies":[{"name":"wp","href":"https:\/\/api.w.org\/{rel}","templated":true}]}}