{"id":1370,"date":"2024-03-13T09:34:14","date_gmt":"2024-03-13T09:34:14","guid":{"rendered":"http:\/\/sektoralarm.pl\/?post_type=product&#038;p=1370"},"modified":"2025-11-25T12:38:46","modified_gmt":"2025-11-25T12:38:46","slug":"lokalizator-gps-bez-abonamentu-ak10-60-4g-lte-hit-roku","status":"publish","type":"product","link":"https:\/\/alarmzone.pl\/index.php\/produkt\/lokalizator-gps-bez-abonamentu-ak10-60-4g-lte-hit-roku\/","title":{"rendered":"Lokalizator GPS bez abonamentu AK10-60\/NT21N-4P 4G &#8211; HIT ROKU"},"content":{"rendered":"<p><img fetchpriority=\"high\" decoding=\"async\" class=\"aligncenter wp-image-1371 size-full\" src=\"https:\/\/alarmzone.pl\/wp-content\/uploads\/2024\/03\/baner.webp\" alt=\"\" width=\"800\" height=\"367\" srcset=\"https:\/\/alarmzone.pl\/wp-content\/uploads\/2024\/03\/baner.webp 800w, https:\/\/alarmzone.pl\/wp-content\/uploads\/2024\/03\/baner-300x138.webp 300w, https:\/\/alarmzone.pl\/wp-content\/uploads\/2024\/03\/baner-768x352.webp 768w, https:\/\/alarmzone.pl\/wp-content\/uploads\/2024\/03\/baner-600x275.webp 600w\" sizes=\"(max-width: 800px) 100vw, 800px\" \/><\/p>\n<p>&nbsp;<\/p>\n<h3 style=\"text-align: center;\"><span style=\"color: #ff0000;\">NAJNOWSZA TECHNOLOGIA Z NOWOCZESNYM PROCESOREM I CHIPEM GPS AT6558R<\/span><\/h3>\n<p style=\"text-align: center;\"><span style=\"color: #0000ff;\"><em>JAKO JEDYNI NA RYNKU WPROWADZAMY DLA PA\u0143STWA LOKALIZATORY Z\u00a0ZAPISEM SYGNA\u0141U JU\u017b OD 5 SEKUND &#8211; JESZCZE WI\u0118KSZA DOK\u0141ADNO\u015a\u0106 POZYCJONOWANIA TYLKO W ALARMZONE<\/em><\/span><\/p>\n<h3 style=\"text-align: center;\"><span style=\"color: #0000ff;\">NIEKWESTIONOWANY ZWYCI\u0118ZCA W\u015aR\u00d3D LOKALIZATOR\u00d3W POD\u0141\u0104CZANYCH POD ZASILANIE AKUMULATOROWE<\/span><\/h3>\n<p style=\"text-align: center;\"><span style=\"color: #0000ff;\">\u00a0PRACUJ\u0104CY W TECHNOLOGII 4G<\/span><\/p>\n<p style=\"text-align: center;\"><span style=\"color: #0000ff;\">LTE-FDD B1\/B2\/B3\/B4\/B5\/B7\/B8\/B28\/B66<\/span><\/p>\n<p style=\"text-align: center;\"><span style=\"color: #0000ff;\">GSM 850\/900\/1800\/1900MHz<\/span><\/p>\n<p style=\"text-align: center;\">NOWOCZESNA\u00a0KONSTRUKCJA I SOFTWARE<\/p>\n<p style=\"text-align: center;\">POZYCJONOWANIE PRZY U\u017bYCIU SYGNA\u0141U GPS, BDS<\/p>\n<p style=\"text-align: center;\">TYLKO U NAS DO\u017bYWOTNIA DARMOWA PLATFORMA I SERWER NA 100 LAT W CENIE LOKALIZATORA!(j\u0119z.polski)<\/p>\n<p style=\"text-align: center;\">NIE P\u0141ACISZ \u017bADNEGO ABONAMENTU ANI ZA SERWER ANI ZA APLIKACJ\u0118 !!!<\/p>\n<p style=\"text-align: center;\">DO\u0141\u0104CZ DO SETEK ZADOWOLONYCH KLIENT\u00d3W<\/p>\n<p style=\"text-align: center;\">KUPUJ\u0104C TUTAJ MASZ PEWNO\u015a\u0106, \u017bE KUPUJESZ BEZPO\u015aREDNIO OD DYSTRYBUTORA I\u00a0MASZ GWARANCJ\u0118 JAKO\u015aCI I NISKIEJ CENY.<\/p>\n<p>&nbsp;<\/p>\n<p style=\"text-align: center;\"><a href=\"https:\/\/alarmzone.pl\/wp-content\/uploads\/2024\/03\/banerAK10-60.jpg\"><img decoding=\"async\" class=\"alignnone size-large wp-image-3676\" src=\"https:\/\/alarmzone.pl\/wp-content\/uploads\/2024\/03\/banerAK10-60-1024x321.jpg\" alt=\"\" width=\"1024\" height=\"321\" srcset=\"https:\/\/alarmzone.pl\/wp-content\/uploads\/2024\/03\/banerAK10-60-1024x321.jpg 1024w, https:\/\/alarmzone.pl\/wp-content\/uploads\/2024\/03\/banerAK10-60-300x94.jpg 300w, https:\/\/alarmzone.pl\/wp-content\/uploads\/2024\/03\/banerAK10-60-768x241.jpg 768w, https:\/\/alarmzone.pl\/wp-content\/uploads\/2024\/03\/banerAK10-60-600x188.jpg 600w, https:\/\/alarmzone.pl\/wp-content\/uploads\/2024\/03\/banerAK10-60.jpg 1180w\" sizes=\"(max-width: 1024px) 100vw, 1024px\" \/><\/a><\/p>\n<section class=\"section\">\n<div class=\"item item-6\">\n<section class=\"text-item\">\n<h4><\/h4>\n<h4><span style=\"color: #0000ff;\">CO WYR\u00d3\u017bNIA NASZ LOKALIZATOR???<\/span><\/h4>\n<p><strong>* NAJPRECYZYJNIEJSZE POZYCJONOWANIE GPS, BDS\u00a0 ORAZ OD\u015aWIE\u017bANIE SYGNA\u0141U JU\u017b OD 5 SEKUND !!!<\/strong><\/p>\n<p>* Akumulator polimerowy podtrzymuj\u0105cy 60 mAh\u00a0&#8211;\u00a0informacja o sabota\u017cu\/odci\u0119ciu od akumulatora,<\/p>\n<p>* PODW\u00d3JNA IZOLACJA PROCESORA &#8211; nie gro\u017ane mu ani upa\u0142y, ani mrozy,<\/p>\n<p>* ZAWSZE NAJNOWSZA WERSJA SOFTWARU,<\/p>\n<p>* SERWIS W POLSCE,<\/p>\n<p>Dodatkowo:<\/p>\n<p><strong>0 z\u0142<\/strong>\u00a0&#8211; za serwer ( brak op\u0142at , brak abonamentu )<\/p>\n<p><strong>0 z\u0142<\/strong>\u00a0&#8211; aplikacja mobilna w j\u0119zyku polskim ( Android, IOS)<\/p>\n<p><strong>0 z\u0142<\/strong>\u00a0&#8211; platforma WWW ( j\u0119zyk polski)<\/p>\n<\/section>\n<\/div>\n<div class=\"item item-6\"><\/div>\n<\/section>\n<section class=\"section\">\n<div class=\"item item-6\"><\/div>\n<div class=\"item item-6\">\n<section class=\"text-item\">Najwy\u017cszej jako\u015bci profesjonalny lokalizator GPS AlarmZone AK10-60 4G z jeszcze dok\u0142adniejszym pozycjonowaniem, pracuj\u0105cy w technologii 4G. GPS tracker mo\u017ce by\u0107 u\u017cywany w samochodach, motorach, na \u0142odziach, w przyczepach campingowych, kontenerach i wielu innych miejscach, w kt\u00f3rych potrzebujesz monitowania po\u0142o\u017cenia swojego obiektu.<\/section>\n<\/div>\n<\/section>\n<p>Alarmzone jest bezpo\u015brednim dystrybutorem i przedstawicielem w\/w lokalizatora na Polsk\u0119 i Skandynawi\u0119, co gwarantuj\u0119 Pa\u0144stwu, najlepsz\u0105 cen\u0119, jako\u015b\u0107 produktu i do\u017cywotni\u0105 platform\u0119 na systemy Windows, Android i IOS.<\/p>\n<p>&nbsp;<\/p>\n<section class=\"section\">\n<div class=\"item item-6\">\n<section class=\"text-item\"><span style=\"color: #ff0000;\"><strong>JAKI JEST NAJLEPSZY I NAJSKUTECZNIEJSZY LOKALIZATOR GPS?<\/strong><\/span><\/section>\n<\/div>\n<\/section>\n<p>&nbsp;<\/p>\n<ul>\n<li><strong><span style=\"color: #0000ff;\">Alarm wyjazdu\/wjazdu do strefy\u00a0<\/span>&#8211;<\/strong>\u00a0zawsze dostaniesz informacj\u0119, \u017ce kto\u015b wyjecha\u0142 \/wjecha\u0142 z wyznaczonej przez Ciebie strefy. Powiadomienie na aplikacj\u0119, poprzez SMS-a i\/lub po\u0142\u0105czenie telefoniczne.<\/li>\n<\/ul>\n<p>&nbsp;<\/p>\n<ul>\n<li><span style=\"color: #0000ff;\"><strong>Alarm o przekroczeniu pr\u0119dko\u015bci<\/strong><\/span>\u00a0&#8211; zawsze otrzymasz wiadomo\u015b\u0107 na telefon o przekroczeniu pr\u0119dko\u015bci dopuszczalnej jak\u0105 samodzielnie ustawisz na lokalizatorze. Powiadomienie poprzez SMS-a i na aplikacj\u0119.<\/li>\n<\/ul>\n<p>&nbsp;<\/p>\n<ul>\n<li><span style=\"color: #0000ff;\"><strong>Alarm wstrz\u0105sowy<\/strong><\/span>\u00a0&#8211;\u00a0w przypadku wykrycia ruchu\/wstrz\u0105su\u00a0&#8211; otrzymasz powiadomienie na telefon poprzez SMS-a\u00a0i\/lub po\u0142\u0105czenie telefoniczne oraz na aplikacj\u0119,<\/li>\n<\/ul>\n<p>&nbsp;<\/p>\n<ul>\n<li><span style=\"color: #0000ff;\"><strong>Obs\u0142uguje karty SIM (2G \/ 3G \/ 4G),<\/strong><\/span>\u00a0&#8211; dzia\u0142a na terenie ca\u0142ego \u015bwiata,<\/li>\n<\/ul>\n<p>&nbsp;<\/p>\n<ul>\n<li><strong><span style=\"color: #0000ff;\">Najdok\u0142adniejszy<\/span>\u00a0<\/strong>\u00a0&#8211; pozycjonowanie odbywa si\u0119 przy u\u017cyciu system\u00f3w\u00a0<strong>GPS, BDS, a zapis pozycji ju\u017c od 5 sekund.\u00a0<\/strong><\/li>\n<\/ul>\n<p>&nbsp;<\/p>\n<ul>\n<li><span style=\"color: #0000ff;\"><strong>Wbudowana wewn\u0119trzna antena GPS i GSM<\/strong><\/span>\u00a0&#8211; brak informacji o jakimkolwiek lokalizatorze w poje\u017adzie przy zachowaniu najlepszych parametr\u00f3w namierzania nawet gdy lokalizator znajduje si\u0119 wewn\u0105trz pojazdu.<\/li>\n<\/ul>\n<p>&nbsp;<\/p>\n<ul>\n<li><strong><span style=\"color: #0000ff;\">Bardzo proste po\u0142\u0105czenie<\/span>\u00a0<\/strong>\u00a0&#8211;\u00a0aby lokalizator pokazywa\u0142 lokalizacj\u0119 i posiada\u0142 funkcje alarm\u00f3w wystarczy pod\u0142\u0105czy\u0107 czerwony i czarny przew\u00f3d do zasilania akumulatorowego o napi\u0119ciu w przedziale 9-95V,<\/li>\n<\/ul>\n<p>&nbsp;<\/p>\n<ul>\n<li><span style=\"color: #0000ff;\"><strong>Informacja o pr\u00f3bie sabota\u017cu\/od\u0142\u0105czeniu lokalizatora od zasilania <\/strong><\/span>&#8211;\u00a0w momencie od\u0142\u0105czenia lokalizatora od zasilania otrzymasz powiadomienie na telefon o zaistnia\u0142ej sytuacji<\/li>\n<\/ul>\n<div class=\"item item-6\"><\/div>\n<section class=\"section\">\n<div class=\"item item-6\"><\/div>\n<div class=\"item item-6\">\n<section class=\"text-item\">\n<ul>\n<li><span style=\"color: #0000ff;\"><strong>Najnowszy software<\/strong><\/span> pozwalaj\u0105cy na automatyczne przechodzenie urz\u0105dzenia w tryb aktywnego czuwania, lub je\u017celi u\u017cytkownik ma tak\u0105 wol\u0119 mo\u017ce pracowa\u0107 w aktywnym trybie czuwania &#8211; pozwala to na ogromne zwi\u0119kszenie czasu dzia\u0142ania lokalizatora na jednym \u0142adowaniu baterii, przy jednoczesnym zachowaniu wszystkich funkcji kontroli. W momencie kiedy pojazd ruszy z miejsca lokalizator aktywuje si\u0119, kontynuuj\u0105c monitorowanie z pozycjonowaniem i w momencie kiedy mamy ustawion\u0105 geo-bramk\u0119, otrzymujesz powiadomienie na telefon o wyjechaniu pojazdu z wyznaczonego obszaru.<\/li>\n<\/ul>\n<p>&nbsp;<\/p>\n<ul>\n<li><span style=\"color: #0000ff;\"><strong>Zapis\u00a0lokalizacji ju\u017c od 5<\/strong><\/span>\u00a0sekund &#8211; pozwala to na jeszcze precyzyjniejsze\/dok\u0142adniejsze lokalizowanie pojazdu.<\/li>\n<\/ul>\n<p>&nbsp;<\/p>\n<\/section>\n<\/div>\n<\/section>\n<section class=\"section\">\n<div class=\"item item-6\">\n<section class=\"text-item\">\n<ul>\n<li><span style=\"color: #0000ff;\"><strong>Przyjazne i funkcjonalne oprogramowanie w j\u0119zyku polskim<\/strong><\/span>\u00a0&#8211; funkcje alarm\u00f3w, przekroczenia pr\u0119dko\u015bci, geo-bramka, historia trasy do\u00a03 miesi\u0119cy wstecz z mo\u017cliwo\u015bci archiwizowania plik\u00f3w, i inne.<strong>Czego potrzebujesz do prawid\u0142owego dzia\u0142ania lokalizatora?<\/strong>\n<ol>\n<li><b>Karta SIM\u00a0<\/b>&#8211; mo\u017ce by\u0107 telemetryczna (dost\u0119pna w naszej ofercie) lub zwyk\u0142a karta SIM telefoniczna(nie internetowa),<\/li>\n<li><b>Telefon<\/b>\u00a0&#8211; w celu instalacji oprogramowania oraz konfiguracji lokalizatora,<\/li>\n<li><b>Kilka minut czasu:)\u00a0<\/b>&#8211; w celu przeprowadzenia konfiguracji i aktywacji urz\u0105dzenia.<\/li>\n<\/ol>\n<p style=\"text-align: center;\">Je\u017celi s\u0105dzisz, \u017ce nie masz czasu lub ch\u0119ci na konfigurowanie lub rejestracj\u0119 karty- mo\u017cesz dokona\u0107 u nas zakupu karty telemetrycznej lub pre-paid (wymagana rejestracja) wraz z konfiguracj\u0105 urz\u0105dzenia. W\u00f3wczas otrzymasz gotowe do pracy urz\u0105dzenie.<\/p>\n<p><a href=\"https:\/\/alarmzone.pl\/wp-content\/uploads\/2024\/03\/banerAK10-60a-google.jpg\"><img decoding=\"async\" class=\"alignnone size-full wp-image-3677\" src=\"https:\/\/alarmzone.pl\/wp-content\/uploads\/2024\/03\/banerAK10-60a-google.jpg\" alt=\"\" width=\"600\" height=\"600\" srcset=\"https:\/\/alarmzone.pl\/wp-content\/uploads\/2024\/03\/banerAK10-60a-google.jpg 600w, https:\/\/alarmzone.pl\/wp-content\/uploads\/2024\/03\/banerAK10-60a-google-300x300.jpg 300w, https:\/\/alarmzone.pl\/wp-content\/uploads\/2024\/03\/banerAK10-60a-google-150x150.jpg 150w, https:\/\/alarmzone.pl\/wp-content\/uploads\/2024\/03\/banerAK10-60a-google-100x100.jpg 100w\" sizes=\"(max-width: 600px) 100vw, 600px\" \/><\/a><\/li>\n<\/ul>\n<\/section>\n<\/div>\n<\/section>\n<p>&nbsp;<\/p>\n<section class=\"section\">\n<div class=\"item item-6\">\n<p><strong>Parametry techniczne:<\/strong><\/p>\n<p>Wymiary: 79mm x 33mm x 16mm<\/p>\n<p>Waga: 40g<\/p>\n<p>LTE-FDD B1\/B2\/B3\/B4\/B5\/B7\/B8\/B28\/B66<\/p>\n<p>GSM 850\/900\/1800\/1900MHz<\/p>\n<p>Chip:AT6558R<\/p>\n<p>Czu\u0142o\u015b\u0107 GPS: -159dBm<\/p>\n<p>Dok\u0142adno\u015b\u0107 GPS: od 5m<\/p>\n<p>Akumulator: 3,7 V 60mAh\u00a0Li-Poly<\/p>\n<p>Czas czuwania po odci\u0119ciu: 30 min.<\/p>\n<p>Temperatura pracy: od -20 &#8212; + 55 \u00b0.<\/p>\n<p>Wilgotno\u015b\u0107: 5% -95% bez kondensacji<\/p>\n<p>Lokalizacja GPS + BDS<\/p>\n<p>&nbsp;<\/p>\n<p><strong>ZESTAW ZAWIERA:<\/strong><\/p>\n<p>&#8211; 1x Lokalizator GPS AK10-60\/NT21N-4P<\/p>\n<p>&#8211; 1x\u00a0Przew\u00f3d po\u0142\u0105czeniowy z akumulatorem<\/p>\n<p>&#8211; 1x Ta\u015bma monta\u017cowa dwustronna,<\/p>\n<p>&#8211; 1x Opakowanie i instrukcja w j\u0119zyku polskim,<\/p>\n<p>&#8211; Do\u017cywotnia platforma.<\/p>\n<p>&nbsp;<\/p>\n<p><img loading=\"lazy\" decoding=\"async\" class=\"aligncenter wp-image-1373 size-full\" src=\"https:\/\/alarmzone.pl\/wp-content\/uploads\/2024\/03\/ak10-60.webp\" alt=\"\" width=\"800\" height=\"414\" srcset=\"https:\/\/alarmzone.pl\/wp-content\/uploads\/2024\/03\/ak10-60.webp 800w, https:\/\/alarmzone.pl\/wp-content\/uploads\/2024\/03\/ak10-60-300x155.webp 300w, https:\/\/alarmzone.pl\/wp-content\/uploads\/2024\/03\/ak10-60-768x397.webp 768w, https:\/\/alarmzone.pl\/wp-content\/uploads\/2024\/03\/ak10-60-600x311.webp 600w\" sizes=\"(max-width: 800px) 100vw, 800px\" \/><\/p>\n<\/div>\n<section class=\"section\">\n<div class=\"item item-6\">\n<section class=\"text-item\">\n<h1 style=\"text-align: center;\"><a href=\"https:\/\/alarmzone.pl\/wp-content\/uploads\/2025\/08\/AK10-60-AZ.jpg\"><img loading=\"lazy\" decoding=\"async\" class=\"alignnone size-full wp-image-3606\" src=\"https:\/\/alarmzone.pl\/wp-content\/uploads\/2025\/08\/AK10-60-AZ.jpg\" alt=\"\" width=\"600\" height=\"600\" srcset=\"https:\/\/alarmzone.pl\/wp-content\/uploads\/2025\/08\/AK10-60-AZ.jpg 600w, https:\/\/alarmzone.pl\/wp-content\/uploads\/2025\/08\/AK10-60-AZ-300x300.jpg 300w, https:\/\/alarmzone.pl\/wp-content\/uploads\/2025\/08\/AK10-60-AZ-150x150.jpg 150w, https:\/\/alarmzone.pl\/wp-content\/uploads\/2025\/08\/AK10-60-AZ-100x100.jpg 100w\" sizes=\"(max-width: 600px) 100vw, 600px\" \/><\/a><\/h1>\n<p><strong>Najcz\u0119\u015bciej zadawane pytania:<\/strong><\/p>\n<p><strong>Jakie s\u0105 op\u0142aty za korzystanie z serwera i aplikacji obs\u0142uguj\u0105cej lokalizator?<\/strong><\/p>\n<p>0z\u0142 op\u0142at &#8211; serwer op\u0142acony jest na 100 lat. Nie ponosisz \u017cadnych dodatkowych op\u0142at zwi\u0105zanych z serwerem i aplikacj\u0105.<\/p>\n<p><strong>Czy mog\u0119 lokalizowa\u0107 wi\u0119cej urz\u0105dze\u0144 na jednym koncie w platformie ?<\/strong><\/p>\n<p>Tak, mo\u017cemy pod\u0142\u0105czy\u0107 dowoln\u0105 liczb\u0119 zakupionych u nas urz\u0105dze\u0144 do jednego konta &#8211; konto dla Floty &#8211; jednorazowa op\u0142ata 80 z\u0142.<\/p>\n<p><strong>Jak d\u0142ugo jest zapisywana historia trasy na serwerze?<\/strong><\/p>\n<p>Do 6 miesi\u0119cy wstecz z automatycznym nadpisywaniem i mo\u017cliwo\u015bci\u0105 archiwizacji trasy na komputerze.<\/p>\n<p><strong>Czy karta SIM jak\u0105 zakupie dodatkowo jest do\u0142adowana?<\/strong><\/p>\n<p>Karty sieci Virgin lub Play : Nie s\u0105 do\u0142adowane. Nowe karty SIM nale\u017cy przed rozpocz\u0119ciem u\u017cytkowania zarejestrowa\u0107 u operatora i post\u0119powa\u0107 zgodnie z instrukcj\u0105 za\u0142\u0105czon\u0105 do zestawu. Obecne przepisy prawa zabraniaj\u0105 rejestracji kart SIM na osoby trzecie. Po zakupie udost\u0119pniamy jasne wskaz\u00f3wki jak aktywowa\u0107 kart\u0119, za jak\u0105 kwot\u0119 j\u0105 do\u0142adowa\u0107 oraz jak i jakie pakiety internetu uruchomi\u0107. Roczny koszt je\u017celi chodzi o pozycjonowanie przy u\u017cyciu karty Virgin: 40 z\u0142 , karty Play : 80 z\u0142<\/p>\n<p>Karta telemetryczna 500MB- tak jest op\u0142acona i nie wymaga rejestracji. Wa\u017cno\u015b\u0107 karty 10 lat &#8211; pakiet wystarczy od 2 do 5 lat &#8211; w zale\u017cno\u015bci od ilo\u015bci godzin w trasie. Karty telemetryczne nie maj\u0105 mo\u017cliwo\u015bci wysy\u0142ania SMS-\u00f3w, ani dzwonienia.<\/p>\n<p><strong>Jakie jest miesi\u0119czne zu\u017cycie internetu?<\/strong><\/p>\n<p>Z naszych test\u00f3w wynika, \u017ce wystarcza 300mb. Zalecamy aktywacj\u0119 pakiet\u00f3w internetowych zgodnie z za\u0142\u0105czon\u0105 instrukcj\u0105.<\/p>\n<p><strong>Czy lokalizator b\u0119dzie dzia\u0142a\u0142 zagranic\u0105?<\/strong><\/p>\n<p>Tak, Lokalizator pracuje w technologii 2 i 4 G &#8211; b\u0119dzie dzia\u0142a\u0142 zar\u00f3wno w Polsce, jak i za granic\u0105: Skandynawia, Europa, Azja, Afryka.<\/p>\n<p>&nbsp;<\/p>\n<p>&nbsp;<\/p>\n<\/section>\n<\/div>\n<\/section>\n<p>\u00a0Masz pytania zwi\u0105zane z produktem? Napisz do nas : <a href=\"mailto:kontakt@alarmzone.pl\">kontakt@alarmzone.pl<\/a>, lub zadzwo\u0144 +48537778893<\/p>\n<p>&nbsp;<\/p>\n<h5 class=\"\">Aplikacja do pobrania:<\/h5>\n<ul class=\"productfiles\">\n<li><a class=\"spanhover\" title=\"YI TRACKER 2 - ANDROID\" href=\"https:\/\/alarmzone.pl\/wp-content\/uploads\/2025\/08\/AiKaShengHuo_2025-08-04_v3.0.23.apk\">AKSH &#8211; ANDROID<\/a><\/li>\n<\/ul>\n<p>&nbsp;<\/p>\n<h5 class=\"\">Przepisy GPSR\/CE:<\/h5>\n<ul>\n<li><a href=\"https:\/\/alarmzone.pl\/wp-content\/uploads\/2024\/03\/GPSR-GPS.DOCX.pdf\">GPSR GPS.DOCX<\/a><\/li>\n<\/ul>\n<\/section>\n","protected":false},"excerpt":{"rendered":"<p>&nbsp; NAJNOWSZA TECHNOLOGIA Z NOWOCZESNYM PROCESOREM I CHIPEM GPS AT6558R JAKO JEDYNI NA RYNKU WPROWADZAMY DLA PA\u0143STWA LOKALIZATORY Z\u00a0ZAPISEM SYGNA\u0141U JU\u017b OD 5 SEKUND &#8211; JESZCZE WI\u0118KSZA DOK\u0141ADNO\u015a\u0106 POZYCJONOWANIA TYLKO W ALARMZONE NIEKWESTIONOWANY ZWYCI\u0118ZCA W\u015aR\u00d3D LOKALIZATOR\u00d3W POD\u0141\u0104CZANYCH POD ZASILANIE AKUMULATOROWE \u00a0PRACUJ\u0104CY W TECHNOLOGII 4G LTE-FDD B1\/B2\/B3\/B4\/B5\/B7\/B8\/B28\/B66 GSM 850\/900\/1800\/1900MHz NOWOCZESNA\u00a0KONSTRUKCJA I SOFTWARE POZYCJONOWANIE PRZY U\u017bYCIU SYGNA\u0141U&hellip;<\/p>\n","protected":false},"featured_media":3606,"comment_status":"open","ping_status":"closed","template":"","meta":[],"product_brand":[136],"product_cat":[35,37],"product_tag":[53,52,85],"class_list":{"0":"post-1370","1":"product","2":"type-product","3":"status-publish","4":"has-post-thumbnail","6":"product_brand-alarmzone","7":"product_cat-lokalizatory-gps-bez-abonamentu","8":"product_cat-lokalizatory-4g-lte-seria-ak","9":"product_tag-gps","10":"product_tag-lokalizator","11":"product_tag-lokalizator-gps-bez-abonamentu","13":"first","14":"instock","15":"featured","16":"taxable","17":"shipping-taxable","18":"purchasable","19":"product-type-variable","20":"has-default-attributes"},"_links":{"self":[{"href":"https:\/\/alarmzone.pl\/index.php\/wp-json\/wp\/v2\/product\/1370","targetHints":{"allow":["GET"]}}],"collection":[{"href":"https:\/\/alarmzone.pl\/index.php\/wp-json\/wp\/v2\/product"}],"about":[{"href":"https:\/\/alarmzone.pl\/index.php\/wp-json\/wp\/v2\/types\/product"}],"replies":[{"embeddable":true,"href":"https:\/\/alarmzone.pl\/index.php\/wp-json\/wp\/v2\/comments?post=1370"}],"wp:featuredmedia":[{"embeddable":true,"href":"https:\/\/alarmzone.pl\/index.php\/wp-json\/wp\/v2\/media\/3606"}],"wp:attachment":[{"href":"https:\/\/alarmzone.pl\/index.php\/wp-json\/wp\/v2\/media?parent=1370"}],"wp:term":[{"taxonomy":"product_brand","embeddable":true,"href":"https:\/\/alarmzone.pl\/index.php\/wp-json\/wp\/v2\/product_brand?post=1370"},{"taxonomy":"product_cat","embeddable":true,"href":"https:\/\/alarmzone.pl\/index.php\/wp-json\/wp\/v2\/product_cat?post=1370"},{"taxonomy":"product_tag","embeddable":true,"href":"https:\/\/alarmzone.pl\/index.php\/wp-json\/wp\/v2\/product_tag?post=1370"}],"curies":[{"name":"wp","href":"https:\/\/api.w.org\/{rel}","templated":true}]}}